 -2*x = x. Suppose -4*s - 2*u - 120 = x, -4*s - 2*u - 120 = -u. Let b be (s/(-25))/(4/10). Calculate the greatest common factor of b and 3.
3
Suppose 35 = 5*q - 2*g, q - 4*g + 2*g - 15 = 0. Calculate the greatest common divisor of 25 and q.
5
Let g be (-3)/((1/5)/(-1)). Suppose 2*c - g + 2 = n, c + 25 = -n. Let f be (-2)/7 + (-384)/n. Calculate the highest common factor of f and 27.
9
Let v(q) = -q**2 + 16*q + 16. Let n be v(16). Let s be (76/n)/(2/8). Let r be (-3)/(-1)*190/6. Calculate the highest common factor of s and r.
19
Let f be ((-35)/(-21))/((-1)/(-3)). Calculate the highest common divisor of 25 and f.
5
Suppose -165 = 2*q + q. Let h = -37 - q. What is the highest common divisor of h and 144?
18
Let i(m) = -9*m - 9. Let d(c) = -4*c - 4. Let p(r) = 7*d(r) - 3*i(r). Let g be p(-5). What is the highest common factor of 12 and g?
4
Suppose 37 - 145 = -4*n. Let u(k) = -8*k**3 + 2*k**2 - k - 2. Let q be u(-1). What is the greatest common factor of q and n?
9
Suppose 0 = 3*m + 2*f - 23, -3*f - 20 = -2*m + 4. Suppose 13 = 3*o - k, -k - 4*k = 2*o + 14. Calculate the greatest common divisor of m and o.
3
Let r = -6 + 11. Suppose -r*f - 42 = -6*f. What is the greatest common divisor of 63 and f?
21
Let p(b) = b - 4. Let f be p(2). Let s be 18/(f/28*-4). What is the highest common divisor of 9 and s?
9
Suppose 2*s = -2*s. Suppose s = -4*m + 2*v + 28, -m + 10 = m + v. Let g = 47 + -23. Calculate the highest common divisor of m and g.
6
Suppose 0 = 5*j + 5*i - 385, 4*i + 27 + 40 = j. What is the greatest common factor of 50 and j?
25
Let m be (0 - -5) + (-3)/3. Suppose -5*y + m*y = -16. What is the greatest common divisor of y and 128?
16
Let s = -172 - -183. Calculate the highest common factor of s and 99.
11
Let j be (-8891)/(-85) + (-2)/(-5). What is the greatest common factor of 45 and j?
15
Suppose 2*r + 30 = -r. Let n = r + 24. What is the greatest common divisor of n and 56?
14
Suppose -3*g - 16 = -2*l - 5, 4*l - 14 = -2*g. What is the greatest common divisor of 2 and l?
2
Let z be (4/(-4))/(1/(-8)). Let n = 158 + -150. Calculate the greatest common factor of z and n.
8
Let s(m) = -m**2 - m - 2. Let p be s(-2). Let b be (9/p)/((-1)/32). Calculate the greatest common divisor of 8 and b.
8
Suppose t + 45 = -2*t. Let l be (-1 - (-8)/3)*-3. Let v = l - t. What is the highest common factor of 80 and v?
10
Let n = -27 + 15. Let q be (n/7)/(4/(-14)). What is the highest common divisor of q and 48?
6
Let f(p) = -p - 7. Let h be f(-8). Let b = -2 - -4. Suppose -4*s = -4*x + 4, -s + b*x + 2 - 6 = 0. Calculate the highest common factor of h and s.
1
Suppose -4*f - 16 = -4*s, 7 - 26 = f - 4*s. Suppose -2 = 4*n - 30. Calculate the greatest common factor of f and n.
1
Let v be (-9)/(-27) + 106/6. Calculate the greatest common divisor of v and 2.
2
Suppose -5*s - 41 + 146 = 0. What is the highest common divisor of 14 and s?
7
Suppose 0 = -3*b + 2*y + 118, y + 79 = 5*b - 3*b. Calculate the greatest common divisor of 16 and b.
8
Suppose 5*z - 716 = v, 3*z - 3*v + 2*v - 428 = 0. What is the greatest common divisor of 9 and z?
9
Suppose -2*h - h - p + 27 = 0, 5*h - 3*p = 45. Let o = h + -5. Calculate the greatest common factor of o and 16.
4
Let u(g) = g**3 - 18*g**2 + 20*g - 40. Let o be u(17). Suppose 0 = -4*i + 188 + 120. Calculate the greatest common divisor of i and o.
11
Suppose -3*i = -5*h - 81 + 4, -5*h - 53 = -2*i. Calculate the greatest common divisor of i and 96.
24
Let o(j) = -j**2 - 8*j - 6. Suppose a = -a - 6. Let w = a - 2. Let m be o(w). Calculate the greatest common factor of m and 72.
9
Let k = 209 - 55. Let q(s) = s + 8. Suppose c + 0 - 6 = 0. Let f be q(c). Calculate the highest common factor of f and k.
14
Suppose -15*m = -16*m + 112. Suppose -2*v + 17 = -15. Calculate the highest common divisor of v and m.
16
Suppose -45 = -d - 4*d. Let o(g) = g**2 - 8*g - 3. Let c be o(12). Calculate the greatest common factor of d and c.
9
Let b = 14 - 11. Suppose -4*p + b*y + 60 = 0, -p - 4*p = 3*y - 48. What is the highest common factor of 84 and p?
12
Let h = 128 + 52. What is the greatest common factor of 18 and h?
18
Let q be 3 - ((-52)/(-8) + 3)*-2. Calculate the greatest common divisor of q and 242.
22
Suppose -4*f + 38 + 58 = 0. Calculate the greatest common divisor of f and 8.
8
Let m be (-1)/3 + (-37)/(-3). Suppose 4*o - 520 = -5*g, -2*g + 309 = g + 3*o. Calculate the greatest common divisor of m and g.
12
Let u = 2952 - 1982. Suppose -w - 4*w + u = 0. Let g = w - 95. Calculate the highest common divisor of 9 and g.
9
Suppose 5*n - 8 = 9*n. Let b be 2 + (n - 0) + 3. Calculate the greatest common factor of 3 and b.
3
Let r(c) = c**3 - 11*c**2 - c - 15. Let d be r(12). What is the greatest common factor of 13 and d?
13
Let q = -11 - -29. What is the highest common divisor of 198 and q?
18
Let v be 0 + (5 + -2 - 1). Suppose -h + v*h - 27 = 3*w, 0 = -2*h - 3*w + 18. Suppose h = r - 55. Calculate the greatest common divisor of 10 and r.
10
Let c = -38 + 43. What is the greatest common divisor of 20 and c?
5
Let f be 115 - (2 + (-6 - -2)). Let n(b) = -2*b**2 + 2*b - 6. Let d be n(4). Let x = 43 + d. Calculate the highest common divisor of f and x.
13
Suppose -n + 94 = -5. Suppose 2*x = -0*x + 4. Suppose -2*j - x*j + 44 = 0. What is the greatest common divisor of j and n?
11
Let w(j) = 3*j**2 - 12*j + 18. Let r be w(12). Calculate the greatest common factor of 34 and r.
34
Let w be (-9 - 0)*(3 + -9). What is the greatest common divisor of 135 and w?
27
Let s be 2 - (2 - 2*45). Suppose -q + 6*q - 5 = 2*z, -4*q + 30 = z. Calculate the highest common factor of s and z.
10
Let j = -23 - -31. Calculate the highest common factor of j and 88.
8
Suppose 2*x - 15 - 8 = 5*r, 4*x = -5*r + 1. What is the greatest common divisor of 20 and x?
4
Let n = -171 + 622. Calculate the highest common factor of 41 and n.
41
Let m = 219 + -75. Let g be (-4)/(-24) + (-141)/(-18). Let p(l) = 2*l. Let v be p(g). What is the greatest common divisor of m and v?
16
Suppose 4*w - 5*w + 4 = 0. Suppose 0 = 2*f - w*f - k + 60, f - 41 = 5*k. What is the greatest common divisor of 62 and f?
31
Suppose 10*s = 5*s + 80. Suppose -3*u + s + 5 = 0. Calculate the highest common factor of 63 and u.
7
Suppose 5*f - 1 = 2*t + 1, 3*f + 2*t = 14. Suppose 0 = 5*x + f - 7. Suppose b - 4*l - x = 47, 4*l = -12. Calculate the highest common divisor of 54 and b.
18
Let w = 25 - 14. Calculate the highest common divisor of w and 11.
11
Let k be (5 + 1)/(-2) + 302. Suppose -d + k = 74. Suppose -h + 6*h - d = 0. What is the greatest common divisor of h and 5?
5
Suppose 0 = 10*y - 84 - 56. Suppose -3*c - 15 = 3*k, 0 = 4*k - 9*k + 5*c + 25. Suppose 2*w - 4*w + 308 = k. Calculate the greatest common factor of y and w.
14
Let o(v) = 9*v**2 + 4*v + 2. Let c be o(-4). Let x = 365 + c. Let j be x/6 - (-6)/(-4). Calculate the highest common divisor of j and 9.
9
Let p = 26 - 40. Let g be 1*22*p/(-2). Let v be ((-7)/(-3))/(3/18). What is the greatest common factor of v and g?
14
Let s(o) = o**3 - o**2 + 2*o. Let i be (-4)/18 - (-58)/18. Let r be s(i). What is the greatest common divisor of r and 16?
8
Let r be (-10)/6*30/(-10). Suppose -75 = -r*y - 5*a, -5*a - 5 = -0*a. Calculate the highest common divisor of 16 and y.
16
Let i(n) = n**3 - 8*n**2 + 14*n - 2. Let g be i(6). Let t = -17 + 27. Calculate the highest common factor of t and g.
10
Let o be (36/24)/(2/56). What is the highest common factor of o and 63?
21
Let h(w) be the first derivative of -w**4/4 - 8*w**3/3 - 5*w**2 - 3*w - 2. Let x be h(-7). Let y = -5 + 50. Calculate the highest common factor of x and y.
9
Let n be (-4)/(-26) - (-24)/13. Suppose -7*s + 125 = -n*s. What is the highest common factor of 10 and s?
5
Suppose 4*k + 4*r - 796 = 0, 5*r = 3*k - 2*k - 193. Let p(g) = -g**2 + 18*g + 5. Let u be p(17). Calculate the greatest common factor of u and k.
22
Suppose 3*r - 3 = 12. Let g(c) = -8*c - 5. Suppose 0*d + 5 = -d. Let f be g(d). Calculate the highest common divisor of r and f.
5
Let i = -17 - -3. Let l be (-168)/i - (0 + 1). What is the highest common divisor of 1 and l?
1
Let y(s) = s**3 + s**2 - s + 99. Let b be y(0). What is the highest common factor of b and 11?
11
Let u = -6 + 6. Let x be (u + -2)*(-3 + -1). Calculate the greatest co